at are the prime factors of l?
2, 3, 11
Suppose -2*d + 20 = 4*q, 5*q = 4 + 1. Suppose 0 = -d*g + 6*g + 16. Suppose g*u - 230 = 210. List the prime factors of u.
5, 11
Suppose 26*h - 4 = 25*h. Suppose -3*o + 9 = q, -h*o - 2*q + 1 = 3*q. Suppose 4*w + a - 332 = 5*a, -o*w + 2*a = -342. List the prime factors of w.
2, 11
List the prime factors of ((-731)/(-34))/((-3)/(-186)).
31, 43
Suppose 3*h = 5*h + 248. Let v = h + 310. Suppose v = 2*p + 4*z, 0*z - 447 = -5*p - 4*z. What are the prime factors of p?
3, 29
Let f(w) = w**2 - 4. Let x be f(4). Suppose -4*m = -x, -5*c + 2445 = 5*m - 10*m. List the prime factors of c.
2, 3, 41
Suppose -12*c = -165539 - 29485. List the prime factors of c.
2, 17, 239
Let q(p) = 2*p - 40. Let x be q(19). List the prime factors of -13136*11/(-198) - x/9.
2, 5, 73
Suppose -25*b + 33*b = 56. Let f(i) = -5 - 4*i**2 - 3*i + 1 - 2*i + i**3. List the prime factors of f(b).
2, 3
Suppose -5*y = 240 - 1360. Let u = -85 + y. What are the prime factors of u?
139
Let s(l) = 174*l + 71. Let y be s(2). Suppose -10*i + 8*i + y = -j, 429 = 2*i - 3*j. List the prime factors of i.
3, 23
Suppose 0 = -2*m + 3*r + 1545, 0*m + r = 4*m - 3075. Suppose 3*n + n = m. Suppose 0*y + n = 3*y. List the prime factors of y.
2
Suppose 6*y - 200747 = -3*y + 53557. List the prime factors of y.
2, 883
Let m = 304 + -1530. Let l be m/26 + (-12)/(-78). What are the prime factors of (7 + -15)*l/4?
2, 47
Let y(k) = 2*k + 24. Let n be y(-10). Suppose -4*p - n = z + p, -p + 28 = 2*z. Suppose z*f - 15*f = 36. List the prime factors of f.
2, 3
Let x be 2555 + 7 - (-1)/(6/36). Let r = x - 764. What are the prime factors of r?
2, 11, 41
List the prime factors of (-8)/(-18) + 3595410/1134.
3, 7, 151
Let a be (-32)/3 - -6 - (-2)/(-6). Let j(c) = -72*c - 59. List the prime factors of j(a).
7, 43
Let j(r) = 6*r**2 - 34*r - 7. Let s(a) = -13*a - 52. Let p be s(-5). List the prime factors of j(p).
5, 113
Suppose -5*n + 49605 = 5*j, -29762 = -3*j - 733*n + 731*n. List the prime factors of j.
2, 5, 31
Let n be (3 + -1)/((-26)/130). Let c(j) = -3*j**3 - 13*j**2 + 14*j + 91. List the prime factors of c(n).
13, 127
Let s = -28 + 30. Suppose s = y - 4. Suppose -327 = -y*u + 189. What are the prime factors of u?
2, 43
Let b be (6/2)/((-2)/(-18) - 0). Let y = 31 - b. List the prime factors of 83/(y - 35/10).
2, 83
Suppose -5*r + 2*o = -79807, -5*r + r + o = -63848. List the prime factors of r.
3, 17, 313
Let k(l) = 12*l**3 + 44*l**2 - 498*l - 1. What are the prime factors of k(12)?
5, 4219
Suppose -13*h = -17*h + 1988. Suppose h + 335 = 26*j. What are the prime factors of j?
2
Let o = 553 + 22. What are the prime factors of (o/(-75))/(1/(-69))?
23
Let p(u) = 451*u**2 - u + 3. Let c(b) = -2*b + 25. Let m be c(12). List the prime factors of p(m).
3, 151
Suppose 0 = 2*w - 2, -x - x + 6 = 2*w. Let f(d) = -34 + 10 - 4*d + 10 + 3*d**x. List the prime factors of f(6).
2, 5, 7
Suppose -2*l - 5*t + 48 = 0, -5*l + 147 = -4*t - 6. Let f = -49 - -28. Let g = f + l. List the prime factors of g.
2
Suppose 3*i - 17 = -11. Suppose 4*l + 15*c = 17*c + 1892, -5*c - 938 = -i*l. List the prime factors of l.
2, 3, 79
Let n(i) = -24*i - 38. Let r be n(-8). Let h be r/42 - 1/(-3). Suppose 5*y = -4*z + 204, 2*y - 15 = -h*z + 69. What are the prime factors of y?
2, 5
Let g be 3 + 4 + -3 - 140. Let d = g + 405. What are the prime factors of d?
269
Let f = 148 - 105. Let a = 45 - f. Suppose -a*g + 140 = 24. What are the prime factors of g?
2, 29
Suppose -5*y = -30, -25*x + 30*x = 3*y + 63237. List the prime factors of x.
3, 4217
Let t(f) = -31*f - 13 - 22*f + 2 - 5. Let w be t(-12). Suppose -4*z = 20, -w = -4*j - j + 5*z. List the prime factors of j.
7, 17
Let c(j) = 2*j**2 + 15*j - 36. Let v be c(9). List the prime factors of 5002/9 - (-58)/v.
2, 139
Suppose 49*y - 27326 - 200426 = 0. What are the prime factors of y?
2, 7, 83
Let z(r) = 3117*r + 1847. List the prime factors of z(5).
2, 2179
Let t = 159 - 153. Suppose -2*b + 996 = 4*j, -3*j + t*j = 4*b + 769. What are the prime factors of j?
251
Suppose -x + 8 = 2*f, 2*x + 2*f = -2*x + 26. Suppose -4*c - 4*k - 368 = 0, -4*c + 3*k = x*k + 366. Let w = -29 - c. What are the prime factors of w?
61
Suppose p - 4*g + 15 = 0, -20*g + 24*g = 20. Suppose -2380 = -p*n + 5*l, 0 = 5*n + 2*l - 4*l - 2371. List the prime factors of n.
11, 43
Let a be (12/(-66))/((-3)/33). Suppose z + a*v = 157, -42*v + 481 = 3*z - 46*v. List the prime factors of z.
3, 53
Suppose 4*o - 2030 - 78616 = -2*y, -3*o = 2*y - 80646. List the prime factors of y.
3, 13441
Let o(y) = -16*y**2 + 162*y - 11. Let k be o(10). Let u(q) = -q**2 + q - 1. Let z be u(3). List the prime factors of z - (5 - k) - (-64)/2.
29
Suppose -4*f + 5*x = -13, -f + 4 = -5*x - 3. Let z(v) = -4*v**f + 18*v - 3*v**3 - 16*v + 2 + 3*v**2. List the prime factors of z(-1).
2
Let d(u) = -25*u**3 - u**2 - u + 1. Let f be d(2). Let j = -322 - f. Let m = j + 239. What are the prime factors of m?
2, 61
Suppose 4*p - 5*j = -2*j + 77617, 4*p = -2*j + 77602. What are the prime factors of p?
2, 89, 109
Let g(y) = -y**2 + 9*y + 38. Let b be g(12). Suppose 2*m - 1190 = b*c, 2*m + m - 1785 = -4*c. What are the prime factors of m?
5, 7, 17
Let r be (-180)/(-8) + ((-35)/(-10) - 5). Suppose -r*l + 8*l = -3549. List the prime factors of l.
3, 7, 13
List the prime factors of ((-214136)/6)/((-266)/399).
2, 13, 29, 71
What are the prime factors of 33024*(-5 - ((-45)/(-60))/(9/(-66)))?
2, 3, 43
Let a be (-1 - 7342)/(-7)*1. Let t = a + -756. What are the prime factors of t?
293
Let v(k) be the third derivative of -k**5/30 + 5*k**4/12 - 3*k**3/2 + 18*k**2. Let b be v(4). What are the prime factors of (b - 253/(-3)) + 12/18?
2, 3, 7
Let n(j) = 2*j**2 - 31*j + 20. Let u be n(19). Suppose 1429 = 11*o + u. Suppose -3*d + 2*b + 104 = 0, 0*b + o = 3*d + 4*b. What are the prime factors of d?
2, 3
Let y = -165 - -382. Let p = y - 18. Let j = p + -20. What are the prime factors of j?
179
Let o(w) = 1781*w - 1372. What are the prime factors of o(12)?
2, 5
Let k be 9/((-9)/8)*-6. Suppose 16500 = k*r + 7*r. What are the prime factors of r?
2, 3, 5
Let r(m) be the first derivative of m**3/3 - m**2 - m - 18. Let z be r(3). Suppose 183 = -2*j + 4*j - 3*h, -j + z*h = -91. What are the prime factors of j?
3, 31
Let x = 94 - 91. Suppose 3*b + x*z - 174 = 327, -z = -b + 163. List the prime factors of (-22)/b + (-6214)/(-30).
3, 23
Let i(q) = 3*q**3 - q**2 + 5*q + 4. Let k be i(4). Suppose -4*z = -4*a - 0*z + k, 5 = -z. Suppose 10*y = y + a. What are the prime factors of y?
5
What are the prime factors of (-11)/((-132)/(-26712))*-1?
2, 3, 7, 53
Suppose -32*x + 355208 = -329112. List the prime factors of x.
5, 7, 13, 47
Let f(w) be the first derivative of 7*w**2 - 24*w - 26*w + 33 + 46*w. What are the prime factors of f(1)?
2, 5
Let g = 5587 - 1142. What are the prime factors of g?
5, 7, 127
Suppose -29 - 39 = -2*o - 2*r, 0 = o - 5*r - 46. Suppose 4*q + 3*g = -44, 5*q = g - o - 19. List the prime factors of 10/55 + (-1593)/q.
5, 29
Let c = -6759 + 13532. What are the prime factors of c?
13, 521
Let j be (-5 - 8/(-4)) + 6 - -167. Suppose 3*u = 8*u - j. Let f = 37 + u. What are the prime factors of f?
71
Let y = -29208 - -49143. List the prime factors of y.
3, 5, 443
Suppose 8*x - 40115 = -5*p + 6*x, 0 = p + 3*x - 8023. List the prime factors of p.
71, 113
Let v(t) = -247*t + 27. Let f be v(2). Let s = 966 + f. What are the prime factors of s?
499
Suppose 2*o - 115 = -5*j, 4*j - o - 92 = o. Suppose w + 2*r - 4 = 0, 2*r = 4*w - 23 - j. Suppose -z + w = -15. List the prime factors of z.
5
Suppose -3*a + 33386 = 4*g, -2*g + 16690 = a - 0*a. What are the prime factors of g?
2, 43, 97
Let p(w) = -8*w**3 - 5*w**2 + 8*w - 426. List the prime factors of p(-21).
3, 89
Let d(f) be the third derivative of -f**6/120 - f**5/60 - f**4/12 + 157*f**3/6 + 69*f**2. What are the prime factors of d(0)?
157
Let m(g) = 2*g**2 + 9*g + 37. Let f = 44 - 58. Let i be m(f). Let s = i - 153. List the prime factors of s.
2, 3, 5
Suppose -23001 = -4*m - 3*i, -127*i + 132*i + 5733 = m. What are the prime factors of m?
2, 3, 479
Suppose -2*b + 2*o + 18 = 0, 0 = -0*b + b - 5*o + 3. Let m be b/8 - (-882)/(-4). List the prime factors of -5 - m/45 - (-274)/30.
3
Let i be (-2 + -2 - -2659) + 7. Let 